{"id":579,"date":"2014-07-22T17:33:43","date_gmt":"2014-07-22T17:33:43","guid":{"rendered":"http:\/\/solice.es\/site\/?page_id=579"},"modified":"2015-12-01T09:52:45","modified_gmt":"2015-12-01T09:52:45","slug":"auditorias","status":"publish","type":"page","link":"https:\/\/solice.es\/site\/auditorias\/","title":{"rendered":"Auditor\u00edas"},"content":{"rendered":"<div id=\"pl-579\"  class=\"panel-layout\" ><div id=\"pg-579-0\"  class=\"panel-grid panel-no-style\" ><div id=\"pgc-579-0-0\"  class=\"panel-grid-cell\" ><div id=\"panel-579-0-0-0\" class=\"so-panel widget widget_virtue_about_with_image virtue_about_with_image panel-first-child panel-last-child\" data-index=\"0\" ><div class=\"kad_img_upload_widget kt-shape-type- kt-image-align-center kt-image-widget-widget-0-0-0\"><a href=\"http:\/\/solice.es\/site\/wp-content\/uploads\/2014\/07\/IR000289-rev-1.jpg\" rel=\"lightbox\"><div class=\"kt-image-contain  \"><div class=\"kt-image-inner-contain\"><img decoding=\"async\" src=\"http:\/\/solice.es\/site\/wp-content\/uploads\/2014\/07\/IR000289-rev-1.jpg\"><\/div><\/div><\/a><\/div><\/div><\/div><div id=\"pgc-579-0-1\"  class=\"panel-grid-cell\" ><div id=\"panel-579-0-1-0\" class=\"so-panel widget widget_black-studio-tinymce widget_black_studio_tinymce panel-first-child panel-last-child\" data-index=\"1\" ><div class=\"textwidget\"><p style=\"text-align: justify;\"><strong>Solice Energy<\/strong> le permite conocer el estado real de su instalaci\u00f3n, as\u00ed como acceder a las medidas correctivas necesarias para conseguir la m\u00e1xima rentabilidad en la misma.<\/p>\n<p style=\"text-align: justify;\">Mediante una auditor\u00eda fotovoltaica podr\u00e1 acreditar el cumplimiento de las condiciones t\u00e9cnicas facilitadas por el fabricante dentro del per\u00edodo de garant\u00eda, con la finalidad de poder realizar las reclamaciones pertinentes en caso de que fuese necesario. Podr\u00e1 adem\u00e1s certificar el correcto funcionamiento de la instalaci\u00f3n y las condiciones de seguridad de la misma, previniendo posibles fallos y alargando la vida \u00fatil de la instalaci\u00f3n.<\/p>\n<p style=\"text-align: justify;\">Adem\u00e1s si usted quiere comprar o vender una instalaci\u00f3n fotovoltaica, podr\u00e1 acreditar el estado real de la planta mediante un estudio profesional independiente.<\/p>\n<\/div><\/div><\/div><\/div><\/div>","protected":false},"excerpt":{"rendered":"<p>Solice Energy le permite conocer el estado real de su instalaci\u00f3n, as\u00ed como acceder a las medidas correctivas necesarias para conseguir la m\u00e1xima rentabilidad en la misma.Mediante una auditor\u00eda fotovoltaica podr\u00e1 acreditar el cumplimiento de las condiciones t\u00e9cnicas facilitadas por &hellip; <a class=\"kt-excerpt-readmore\" href=\"https:\/\/solice.es\/site\/auditorias\/\" aria-label=\"Auditor\u00edas\">Leer m&aacute;s<\/a><\/p>\n","protected":false},"author":1,"featured_media":0,"parent":0,"menu_order":0,"comment_status":"open","ping_status":"open","template":"page-fullwidth.php","meta":{"footnotes":""},"class_list":["post-579","page","type-page","status-publish","hentry"],"_links":{"self":[{"href":"https:\/\/solice.es\/site\/wp-json\/wp\/v2\/pages\/579","targetHints":{"allow":["GET"]}}],"collection":[{"href":"https:\/\/solice.es\/site\/wp-json\/wp\/v2\/pages"}],"about":[{"href":"https:\/\/solice.es\/site\/wp-json\/wp\/v2\/types\/page"}],"author":[{"embeddable":true,"href":"https:\/\/solice.es\/site\/wp-json\/wp\/v2\/users\/1"}],"replies":[{"embeddable":true,"href":"https:\/\/solice.es\/site\/wp-json\/wp\/v2\/comments?post=579"}],"version-history":[{"count":10,"href":"https:\/\/solice.es\/site\/wp-json\/wp\/v2\/pages\/579\/revisions"}],"predecessor-version":[{"id":935,"href":"https:\/\/solice.es\/site\/wp-json\/wp\/v2\/pages\/579\/revisions\/935"}],"wp:attachment":[{"href":"https:\/\/solice.es\/site\/wp-json\/wp\/v2\/media?parent=579"}],"curies":[{"name":"wp","href":"https:\/\/api.w.org\/{rel}","templated":true}]}}